[INFO] cloning repository https://github.com/bookinstock/rust_example
[INFO] running `Command { std: "git" "-c" "credential.helper=" "-c" "credential.helper=/workspace/cargo-home/bin/git-credential-null" "clone" "--bare" "https://github.com/bookinstock/rust_example" "/workspace/cache/git-repos/https%3A%2F%2Fgithub.com%2Fbookinstock%2Frust_example", kill_on_drop: false }`
[INFO] [stderr] Cloning into bare repository '/workspace/cache/git-repos/https%3A%2F%2Fgithub.com%2Fbookinstock%2Frust_example'...
[INFO] running `Command { std: "git" "rev-parse" "HEAD", kill_on_drop: false }`
[INFO] [stdout] c83d144f2d500cd60a59da5019b4bc5ca7d2d36f
[INFO] checking bookinstock/rust_example against try#72f88fc4e9458f89516a0b8b0868f3718aec5b47 for pr-74989
[INFO] running `Command { std: "git" "clone" "/workspace/cache/git-repos/https%3A%2F%2Fgithub.com%2Fbookinstock%2Frust_example" "/workspace/builds/worker-7/source", kill_on_drop: false }`
[INFO] [stderr] Cloning into '/workspace/builds/worker-7/source'...
[INFO] [stderr] done.
[INFO] validating manifest of git repo https://github.com/bookinstock/rust_example on toolchain 72f88fc4e9458f89516a0b8b0868f3718aec5b47
[INFO] running `Command { std: "/workspace/cargo-home/bin/cargo" "+72f88fc4e9458f89516a0b8b0868f3718aec5b47" "read-manifest" "--manifest-path" "Cargo.toml", kill_on_drop: false }`
[INFO] started tweaking git repo https://github.com/bookinstock/rust_example
[INFO] finished tweaking git repo https://github.com/bookinstock/rust_example
[INFO] tweaked toml for git repo https://github.com/bookinstock/rust_example written to /workspace/builds/worker-7/source/Cargo.toml
[INFO] crate git repo https://github.com/bookinstock/rust_example already has a lockfile, it will not be regenerated
[INFO] running `Command { std: "/workspace/cargo-home/bin/cargo" "+72f88fc4e9458f89516a0b8b0868f3718aec5b47" "fetch" "--locked" "--manifest-path" "Cargo.toml", kill_on_drop: false }`
[INFO] running `Command { std: "docker" "create" "-v" "/var/lib/crater-agent-workspace/builds/worker-7/target:/opt/rustwide/target:rw,Z" "-v" "/var/lib/crater-agent-workspace/builds/worker-7/source:/opt/rustwide/workdir:ro,Z" "-v" "/var/lib/crater-agent-workspace/cargo-home:/opt/rustwide/cargo-home:ro,Z" "-v" "/var/lib/crater-agent-workspace/rustup-home:/opt/rustwide/rustup-home:ro,Z" "-e" "SOURCE_DIR=/opt/rustwide/workdir" "-e" "CARGO_TARGET_DIR=/opt/rustwide/target" "-e" "CARGO_HOME=/opt/rustwide/cargo-home" "-e" "RUSTUP_HOME=/opt/rustwide/rustup-home" "-w" "/opt/rustwide/workdir" "-m" "1610612736" "--user" "0:0" "--network" "none" "rustops/crates-build-env@sha256:d92eaeed33fa75130ca1ee6c8a01d1ffb62bac859dfdfb3450e3e5d1c0146529" "/opt/rustwide/cargo-home/bin/cargo" "+72f88fc4e9458f89516a0b8b0868f3718aec5b47" "metadata" "--no-deps" "--format-version=1", kill_on_drop: false }`
[INFO] [stdout] e55ec98674cb65f4ab383778746c0f0e469408b8301dd47abe9938657082e9b2
[INFO] [stderr] WARNING: Your kernel does not support swap limit capabilities or the cgroup is not mounted. Memory limited without swap.
[INFO] running `Command { std: "docker" "start" "-a" "e55ec98674cb65f4ab383778746c0f0e469408b8301dd47abe9938657082e9b2", kill_on_drop: false }`
[INFO] running `Command { std: "docker" "inspect" "e55ec98674cb65f4ab383778746c0f0e469408b8301dd47abe9938657082e9b2", kill_on_drop: false }`
[INFO] running `Command { std: "docker" "rm" "-f" "e55ec98674cb65f4ab383778746c0f0e469408b8301dd47abe9938657082e9b2", kill_on_drop: false }`
[INFO] [stdout] e55ec98674cb65f4ab383778746c0f0e469408b8301dd47abe9938657082e9b2
[INFO] running `Command { std: "docker" "create" "-v" "/var/lib/crater-agent-workspace/builds/worker-7/target:/opt/rustwide/target:rw,Z" "-v" "/var/lib/crater-agent-workspace/builds/worker-7/source:/opt/rustwide/workdir:ro,Z" "-v" "/var/lib/crater-agent-workspace/cargo-home:/opt/rustwide/cargo-home:ro,Z" "-v" "/var/lib/crater-agent-workspace/rustup-home:/opt/rustwide/rustup-home:ro,Z" "-e" "SOURCE_DIR=/opt/rustwide/workdir" "-e" "CARGO_TARGET_DIR=/opt/rustwide/target" "-e" "CARGO_INCREMENTAL=0" "-e" "RUST_BACKTRACE=full" "-e" "RUSTFLAGS=--cap-lints=forbid" "-e" "CARGO_HOME=/opt/rustwide/cargo-home" "-e" "RUSTUP_HOME=/opt/rustwide/rustup-home" "-w" "/opt/rustwide/workdir" "-m" "1610612736" "--user" "0:0" "--network" "none" "rustops/crates-build-env@sha256:d92eaeed33fa75130ca1ee6c8a01d1ffb62bac859dfdfb3450e3e5d1c0146529" "/opt/rustwide/cargo-home/bin/cargo" "+72f88fc4e9458f89516a0b8b0868f3718aec5b47" "check" "--frozen" "--all" "--all-targets" "--message-format=json", kill_on_drop: false }`
[INFO] [stdout] 74fa0a6c9487661bd8c0d293727f64aa667f1e0d1cfbd105298e555018c432a9
[INFO] [stderr] WARNING: Your kernel does not support swap limit capabilities or the cgroup is not mounted. Memory limited without swap.
[INFO] running `Command { std: "docker" "start" "-a" "74fa0a6c9487661bd8c0d293727f64aa667f1e0d1cfbd105298e555018c432a9", kill_on_drop: false }`
[INFO] [stderr]     Checking rust_example v0.1.0 (/opt/rustwide/workdir)
[INFO] [stdout] warning: unused variable: `noisy_unused_variable`
[INFO] [stdout]   --> src/bin/var_binding.rs:26:9
[INFO] [stdout]    |
[INFO] [stdout] 26 |     let noisy_unused_variable = 2u32;
[INFO] [stdout]    |         ^^^^^^^^^^^^^^^^^^^^^ help: if this is intentional, prefix it with an underscore: `_noisy_unused_variable`
[INFO] [stdout]    |
[INFO] [stdout]    = note: `#[warn(unused_variables)]` on by default
[INFO] [stdout] 
[INFO] [stdout] 
[INFO] [stdout] warning: 1 warning emitted
[INFO] [stdout] 
[INFO] [stdout] 
[INFO] [stdout] error[E0601]: `main` function not found in crate `other`
[INFO] [stdout]  --> src/bin/other.rs:1:2
[INFO] [stdout]   |
[INFO] [stdout] 1 | 
[INFO] [stdout]   |  ^ consider adding a `main` function to `src/bin/other.rs`
[INFO] [stdout] 
[INFO] [stdout] 
[INFO] [stderr] error: could not compile `rust_example`.
[INFO] [stdout] error: aborting due to previous error
[INFO] [stdout] 
[INFO] [stdout] 
[INFO] [stderr] 
[INFO] [stdout] For more information about this error, try `rustc --explain E0601`.
[INFO] [stdout] 
[INFO] [stderr] To learn more, run the command again with --verbose.
[INFO] [stderr] warning: build failed, waiting for other jobs to finish...
[INFO] [stdout] warning: the item `From` is imported redundantly
[INFO] [stdout]   --> src/bin/conversion.rs:53:9
[INFO] [stdout]    |
[INFO] [stdout] 53 |     use std::convert::From;
[INFO] [stdout]    |         ^^^^^^^^^^^^^^^^^^
[INFO] [stdout]    |
[INFO] [stdout]    = note: `#[warn(unused_imports)]` on by default
[INFO] [stdout] 
[INFO] [stdout] 
[INFO] [stdout] warning: the item `ToString` is imported redundantly
[INFO] [stdout]    --> src/bin/conversion.rs:106:9
[INFO] [stdout]     |
[INFO] [stdout] 106 |     use std::string::ToString;
[INFO] [stdout]     |         ^^^^^^^^^^^^^^^^^^^^^
[INFO] [stdout] 
[INFO] [stdout] 
[INFO] [stdout] warning: function is never used: `noisy_unused_function`
[INFO] [stdout]   --> src/bin/attribute.rs:33:8
[INFO] [stdout]    |
[INFO] [stdout] 33 |     fn noisy_unused_function() {}
[INFO] [stdout]    |        ^^^^^^^^^^^^^^^^^^^^^
[INFO] [stdout]    |
[INFO] [stdout]    = note: `#[warn(dead_code)]` on by default
[INFO] [stdout] 
[INFO] [stdout] 
[INFO] [stdout] warning: function is never used: `test_literal`
[INFO] [stdout]    --> src/bin/pattern_matching.rs:113:4
[INFO] [stdout]     |
[INFO] [stdout] 113 | fn test_literal() {}
[INFO] [stdout]     |    ^^^^^^^^^^^^
[INFO] [stdout]     |
[INFO] [stdout]     = note: `#[warn(dead_code)]` on by default
[INFO] [stdout] 
[INFO] [stdout] 
[INFO] [stdout] warning: function is never used: `test_array`
[INFO] [stdout]    --> src/bin/pattern_matching.rs:115:4
[INFO] [stdout]     |
[INFO] [stdout] 115 | fn test_array() {}
[INFO] [stdout]     |    ^^^^^^^^^^
[INFO] [stdout] 
[INFO] [stdout] 
[INFO] [stdout] warning: function is never used: `test_enum`
[INFO] [stdout]    --> src/bin/pattern_matching.rs:117:4
[INFO] [stdout]     |
[INFO] [stdout] 117 | fn test_enum() {}
[INFO] [stdout]     |    ^^^^^^^^^
[INFO] [stdout] 
[INFO] [stdout] 
[INFO] [stdout] warning: function is never used: `test_stuct`
[INFO] [stdout]    --> src/bin/pattern_matching.rs:119:4
[INFO] [stdout]     |
[INFO] [stdout] 119 | fn test_stuct() {}
[INFO] [stdout]     |    ^^^^^^^^^^
[INFO] [stdout] 
[INFO] [stdout] 
[INFO] [stdout] warning: function is never used: `test_variable`
[INFO] [stdout]    --> src/bin/pattern_matching.rs:137:4
[INFO] [stdout]     |
[INFO] [stdout] 137 | fn test_variable() {}
[INFO] [stdout]     |    ^^^^^^^^^^^^^
[INFO] [stdout] 
[INFO] [stdout] 
[INFO] [stdout] warning: function is never used: `test_wildcard`
[INFO] [stdout]    --> src/bin/pattern_matching.rs:139:4
[INFO] [stdout]     |
[INFO] [stdout] 139 | fn test_wildcard() {}
[INFO] [stdout]     |    ^^^^^^^^^^^^^
[INFO] [stdout] 
[INFO] [stdout] 
[INFO] [stdout] warning: function is never used: `test_placeholder`
[INFO] [stdout]    --> src/bin/pattern_matching.rs:141:4
[INFO] [stdout]     |
[INFO] [stdout] 141 | fn test_placeholder() {}
[INFO] [stdout]     |    ^^^^^^^^^^^^^^^^
[INFO] [stdout] 
[INFO] [stdout] 
[INFO] [stdout] error[E0601]: `main` function not found in crate `error`
[INFO] [stdout]   --> src/bin/error.rs:41:4
[INFO] [stdout]    |
[INFO] [stdout] 41 | */
[INFO] [stdout]    |    ^ consider adding a `main` function to `src/bin/error.rs`
[INFO] [stdout] 
[INFO] [stdout] 
[INFO] [stdout] error: aborting due to previous error
[INFO] [stdout] 
[INFO] [stdout] 
[INFO] [stdout] For more information about this error, try `rustc --explain E0601`.
[INFO] [stdout] 
[INFO] [stdout] error[E0601]: `main` function not found in crate `_m`
[INFO] [stdout]  --> src/bin/_m.rs:1:1
[INFO] [stdout]   |
[INFO] [stdout] 1 | / pub fn xx() {
[INFO] [stdout] 2 | |     println!("m xx");
[INFO] [stdout] 3 | | }
[INFO] [stdout]   | |_^ consider adding a `main` function to `src/bin/_m.rs`
[INFO] [stdout] 
[INFO] [stdout] 
[INFO] [stdout] warning: 7 warnings emitted
[INFO] [stdout] 
[INFO] [stdout] 
[INFO] [stdout] error: aborting due to previous error
[INFO] [stdout] 
[INFO] [stdout] 
[INFO] [stdout] error[E0601]: `main` function not found in crate `test`
[INFO] [stdout]   --> src/bin/test.rs:13:4
[INFO] [stdout]    |
[INFO] [stdout] 13 | */
[INFO] [stdout]    |    ^ consider adding a `main` function to `src/bin/test.rs`
[INFO] [stdout] 
[INFO] [stdout] 
[INFO] [stdout] error: aborting due to previous error
[INFO] [stdout] 
[INFO] [stdout] 
[INFO] [stdout] For more information about this error, try `rustc --explain E0601`.
[INFO] [stdout] 
[INFO] [stdout] For more information about this error, try `rustc --explain E0601`.
[INFO] [stdout] 
[INFO] [stdout] warning: unused label
[INFO] [stdout]    --> src/bin/control_flow.rs:119:9
[INFO] [stdout]     |
[INFO] [stdout] 119 |         'inner: loop {
[INFO] [stdout]     |         ^^^^^^
[INFO] [stdout]     |
[INFO] [stdout]     = note: `#[warn(unused_labels)]` on by default
[INFO] [stdout] 
[INFO] [stdout] 
[INFO] [stdout] warning: 1 warning emitted
[INFO] [stdout] 
[INFO] [stdout] 
[INFO] [stdout] warning: unused variable: `my_string`
[INFO] [stdout]   --> src/bin/conversion.rs:51:9
[INFO] [stdout]    |
[INFO] [stdout] 51 |     let my_string = String::from(my_str);
[INFO] [stdout]    |         ^^^^^^^^^ help: if this is intentional, prefix it with an underscore: `_my_string`
[INFO] [stdout]    |
[INFO] [stdout] note: the lint level is defined here
[INFO] [stdout]   --> src/bin/conversion.rs:45:8
[INFO] [stdout]    |
[INFO] [stdout] 45 | #[warn(unused_variables)]
[INFO] [stdout]    |        ^^^^^^^^^^^^^^^^
[INFO] [stdout] 
[INFO] [stdout] 
[INFO] [stdout] warning: 3 warnings emitted
[INFO] [stdout] 
[INFO] [stdout] 
[INFO] [stdout] warning: unreachable statement
[INFO] [stdout]    --> src/bin/control_flow.rs:125:9
[INFO] [stdout]     |
[INFO] [stdout] 122 |             break 'outer;
[INFO] [stdout]     |             ------------ any code following this expression is unreachable
[INFO] [stdout] ...
[INFO] [stdout] 125 |         println!("never reach");
[INFO] [stdout]     |         ^^^^^^^^^^^^^^^^^^^^^^^^ unreachable statement
[INFO] [stdout]     |
[INFO] [stdout]     = note: `#[warn(unreachable_code)]` on by default
[INFO] [stdout]     = note: this warning originates in a macro (in Nightly builds, run with -Z macro-backtrace for more info)
[INFO] [stdout] 
[INFO] [stdout] 
[INFO] [stdout] warning: unused variable: `s`
[INFO] [stdout]    --> src/bin/generic.rs:217:9
[INFO] [stdout]     |
[INFO] [stdout] 217 |     let s = S(1);
[INFO] [stdout]     |         ^ help: if this is intentional, prefix it with an underscore: `_s`
[INFO] [stdout]     |
[INFO] [stdout]     = note: `#[warn(unused_variables)]` on by default
[INFO] [stdout] 
[INFO] [stdout] 
[INFO] [stdout] warning: struct is never constructed: `S`
[INFO] [stdout]    --> src/bin/generic.rs:135:12
[INFO] [stdout]     |
[INFO] [stdout] 135 |     struct S; // 具体类型 `S`
[INFO] [stdout]     |            ^
[INFO] [stdout]     |
[INFO] [stdout]     = note: `#[warn(dead_code)]` on by default
[INFO] [stdout] 
[INFO] [stdout] 
[INFO] [stdout] warning: struct is never constructed: `GenericVal`
[INFO] [stdout]    --> src/bin/generic.rs:136:12
[INFO] [stdout]     |
[INFO] [stdout] 136 |     struct GenericVal<T>(T); // 泛型类型 `GenericVal`
[INFO] [stdout]     |            ^^^^^^^^^^
[INFO] [stdout] 
[INFO] [stdout] 
[INFO] [stdout] warning: function is never used: `printer`
[INFO] [stdout]    --> src/bin/generic.rs:210:8
[INFO] [stdout]     |
[INFO] [stdout] 210 |     fn printer<T: Display>(t: T) {
[INFO] [stdout]     |        ^^^^^^^
[INFO] [stdout] 
[INFO] [stdout] 
[INFO] [stdout] warning: 4 warnings emitted
[INFO] [stdout] 
[INFO] [stdout] 
[INFO] [stdout] warning: unused variable: `vec2`
[INFO] [stdout]    --> src/bin/function.rs:391:9
[INFO] [stdout]     |
[INFO] [stdout] 391 |     let vec2 = vec![4, 5, 6];
[INFO] [stdout]     |         ^^^^ help: if this is intentional, prefix it with an underscore: `_vec2`
[INFO] [stdout]     |
[INFO] [stdout]     = note: `#[warn(unused_variables)]` on by default
[INFO] [stdout] 
[INFO] [stdout] 
[INFO] [stdout] warning: this method call currently resolves to `<&[T; N] as IntoIterator>::into_iter` (due to autoref coercions), but that might change in the future when `IntoIterator` impls for arrays are added.
[INFO] [stdout]    --> src/bin/function.rs:431:16
[INFO] [stdout]     |
[INFO] [stdout] 431 |         array2.into_iter().find(|&&x| x == 2)
[INFO] [stdout]     |                ^^^^^^^^^ help: use `.iter()` instead of `.into_iter()` to avoid ambiguity: `iter`
[INFO] [stdout]     |
[INFO] [stdout]     = note: `#[warn(array_into_iter)]` on by default
[INFO] [stdout]     = warning: this was previously accepted by the compiler but is being phased out; it will become a hard error in a future release!
[INFO] [stdout]     = note: for more information, see issue #66145 <https://github.com/rust-lang/rust/issues/66145>
[INFO] [stdout] 
[INFO] [stdout] 
[INFO] [stdout] warning: 2 warnings emitted
[INFO] [stdout] 
[INFO] [stdout] 
[INFO] [stdout] warning: function is never used: `ttt`
[INFO] [stdout]    --> src/bin/hello.rs:107:4
[INFO] [stdout]     |
[INFO] [stdout] 107 | fn ttt() {
[INFO] [stdout]     |    ^^^
[INFO] [stdout]     |
[INFO] [stdout]     = note: `#[warn(dead_code)]` on by default
[INFO] [stdout] 
[INFO] [stdout] 
[INFO] [stdout] warning: function is never used: `f`
[INFO] [stdout]    --> src/bin/hello.rs:120:4
[INFO] [stdout]     |
[INFO] [stdout] 120 | fn f() {
[INFO] [stdout]     |    ^
[INFO] [stdout] 
[INFO] [stdout] 
[INFO] [stdout] warning: function is never used: `test`
[INFO] [stdout]    --> src/bin/hello.rs:124:4
[INFO] [stdout]     |
[INFO] [stdout] 124 | fn test() {
[INFO] [stdout]     |    ^^^^
[INFO] [stdout] 
[INFO] [stdout] 
[INFO] [stdout] warning: function is never used: `try_debug_trait`
[INFO] [stdout]    --> src/bin/hello.rs:159:4
[INFO] [stdout]     |
[INFO] [stdout] 159 | fn try_debug_trait() {
[INFO] [stdout]     |    ^^^^^^^^^^^^^^^
[INFO] [stdout] 
[INFO] [stdout] 
[INFO] [stdout] warning: 4 warnings emitted
[INFO] [stdout] 
[INFO] [stdout] 
[INFO] [stdout] warning: variant is never constructed: `Red`
[INFO] [stdout]    --> src/bin/control_flow.rs:247:9
[INFO] [stdout]     |
[INFO] [stdout] 247 |         Red,
[INFO] [stdout]     |         ^^^
[INFO] [stdout]     |
[INFO] [stdout]     = note: `#[warn(dead_code)]` on by default
[INFO] [stdout] 
[INFO] [stdout] 
[INFO] [stdout] warning: variant is never constructed: `Blue`
[INFO] [stdout]    --> src/bin/control_flow.rs:248:9
[INFO] [stdout]     |
[INFO] [stdout] 248 |         Blue,
[INFO] [stdout]     |         ^^^^
[INFO] [stdout] 
[INFO] [stdout] 
[INFO] [stdout] warning: variant is never constructed: `Green`
[INFO] [stdout]    --> src/bin/control_flow.rs:249:9
[INFO] [stdout]     |
[INFO] [stdout] 249 |         Green,
[INFO] [stdout]     |         ^^^^^
[INFO] [stdout] 
[INFO] [stdout] 
[INFO] [stdout] warning: variant is never constructed: `HSV`
[INFO] [stdout]    --> src/bin/control_flow.rs:251:9
[INFO] [stdout]     |
[INFO] [stdout] 251 |         HSV(u32, u32, u32),
[INFO] [stdout]     |         ^^^^^^^^^^^^^^^^^^
[INFO] [stdout] 
[INFO] [stdout] 
[INFO] [stdout] warning: variant is never constructed: `HSL`
[INFO] [stdout]    --> src/bin/control_flow.rs:252:9
[INFO] [stdout]     |
[INFO] [stdout] 252 |         HSL(u32, u32, u32),
[INFO] [stdout]     |         ^^^^^^^^^^^^^^^^^^
[INFO] [stdout] 
[INFO] [stdout] 
[INFO] [stdout] warning: variant is never constructed: `CMY`
[INFO] [stdout]    --> src/bin/control_flow.rs:253:9
[INFO] [stdout]     |
[INFO] [stdout] 253 |         CMY(u32, u32, u32),
[INFO] [stdout]     |         ^^^^^^^^^^^^^^^^^^
[INFO] [stdout] 
[INFO] [stdout] 
[INFO] [stdout] warning: variant is never constructed: `CMYK`
[INFO] [stdout]    --> src/bin/control_flow.rs:254:9
[INFO] [stdout]     |
[INFO] [stdout] 254 |         CMYK(u32, u32, u32, u32),
[INFO] [stdout]     |         ^^^^^^^^^^^^^^^^^^^^^^^^
[INFO] [stdout] 
[INFO] [stdout] 
[INFO] [stdout] warning: 9 warnings emitted
[INFO] [stdout] 
[INFO] [stdout] 
[INFO] [stderr] error: build failed
[INFO] running `Command { std: "docker" "inspect" "74fa0a6c9487661bd8c0d293727f64aa667f1e0d1cfbd105298e555018c432a9", kill_on_drop: false }`
[INFO] running `Command { std: "docker" "rm" "-f" "74fa0a6c9487661bd8c0d293727f64aa667f1e0d1cfbd105298e555018c432a9", kill_on_drop: false }`
[INFO] [stdout] 74fa0a6c9487661bd8c0d293727f64aa667f1e0d1cfbd105298e555018c432a9
